(v) = 8*v**2 + 6*v + 11. Let f(z) = 2*c(z) + 5*i(z). What is f(8)?
37
Let v(g) = g**3 - 9*g**2 + 4*g. Let w be v(1). Let n(j) = -10*j + 7. Give n(w).
47
Let p(k) = 20 - 26 + k + 10. Suppose -2*n + d + 275 = 0, 568 = 4*n + 2*d + 2*d. Suppose a = n - 135. Determine p(a).
8
Let a(l) = 2*l**2 - 35*l - 7. Suppose -2*f = 2, 0 = -3*q - 8*f + 4*f + 50. Determine a(q).
11
Let c(o) = 23*o + 1. Let j be c(1). Suppose j*h - 22*h = 0. Let d(q) = q + 10. What is d(h)?
10
Let b(q) = q**3 - 6*q**2 + 2*q + 4. Let i be b(4). Let m = i + 24. Let w(n) = n + 4. Give w(m).
8
Let f(u) = 2726 - u**2 - 5404 + 2726. Determine f(7).
-1
Suppose l + 4*l - 14 = 2*u, 29 = 3*u + 5*l. Let r(s) = s**3 + 2*s + 2*s**2 + 3 - 5*s + u*s - 2*s. Let p be 4/(-5)*((-1)/2 + -2). Give r(p).
15
Let l(n) be the second derivative of -2*n**3 + 47*n**2/2 - 9909*n. Give l(6).
-25
Let l(h) = 5*h + 2. Let f(v) = -5*v - 2. Let p be 14/(-3) + 1/(-3). Let n(o) = p*f(o) - 6*l(o). Let k be (3*(-7)/14)/(180/30*3/24). What is n(k)?
8
Let r(w) = -148 + 190 + 24*w**2 + 97*w - 62*w**3 + 28*w**3 + 35*w**3. Determine r(-19).
4
Let v(z) be the first derivative of 3*z**5/20 - z**2 + z + 42. Let p(f) be the second derivative of v(f). Determine p(-1).
9
Let h(n) = -2 + 2*n - 8*n + n**2 - 4*n. Suppose 30*o - 369 = 2*o - 13*o. What is h(o)?
-11
Let w(c) = 356*c - 4277. Let y be w(12). Let u(h) = -h**3 - 5*h**2 - 14*h - 64. Calculate u(y).
6
Let j(v) = -43*v + 4. Let t be j(-2). Let x(y) = -t*y + y**2 + 4 + 172*y - 90*y. Determine x(8).
4
Let h(s) be the third derivative of -s**6/30 - s**5/60 + 5*s**4/24 + s**3/2 - 9797*s**2. Calculate h(-2).
21
Let w(h) = h**2 + 32*h + 59. Let k(s) = -366*s + 11682. Let x be k(32). Calculate w(x).
-1
Let b be 4*-1 - (-38)/(-95)*-35. Let m(g) = 24*g + 0*g**2 - 11*g - 22 - g**2. What is m(b)?
8
Let m be (-2)/((-2)/244*4). Let z = m + -57. Let w(y) = -2*y + 7 - 2*y + z*y + y. Give w(-4).
3
Let o(u) be the second derivative of -u**3/3 - 3*u**2/2 - u. Let p(t) = 9*t**2 - 14*t. Let b be p(-5). Let j = b + -300. What is o(j)?
7
Let u(v) = 27*v**3 + 13*v**2 + 46*v - 78. Let z(y) = 8*y**3 + 5*y**2 + 15*y - 26. Let x(c) = -3*u(c) + 10*z(c). Give x(12).
-26
Let n = 2025 + -2016. Let i(m) = m**2 - 3*m - 58. Give i(n).
-4
Let y(l) = -l**2 + 3*l + 2. Let z be ((-7)/(21/(-4)))/((-52)/78). What is y(z)?
-8
Let q(s) = 12*s**2 + 127*s + 537. Let p(b) = 19*b**2 + 192*b + 808. Let n(m) = 5*p(m) - 8*q(m). What is n(-51)?
-1
Let d(x) = 49 - 414*x + 0 + 418*x. Determine d(-12).
1
Let x = -3153 - -3155. Let f(s) = 7*s**2 - s + 1. Give f(x).
27
Suppose 2*z = 33 - 7. Let q(h) = 5 - 10 + h**2 - z. Calculate q(0).
-18
Let s(o) = 3827*o - 19 + 3825*o - 11484*o - o**2 + 3832*o. Give s(-5).
-44
Let h(f) be the third derivative of f**5/60 - f**3/6 - 80*f**2. Let u(p) = p**3 - 4*p**2 + p + 5. Let s(j) = 2*h(j) - u(j). Calculate s(5).
13
Let r(x) = 2*x**3 - 25*x**2 - 26*x - 1. Let a be r(-1). Let g(z) = 1. Suppose -2*t - 1 = -3*t. Let k(i) = -9*i + 2. Let o(y) = t*k(y) - g(y). Give o(a).
19
Let g(m) be the first derivative of -5*m**2/2 + 65*m + 7322. What is g(11)?
10
Suppose -5 = 4*g + t + 3, 19 = g - 5*t. Let j be 24/3 - g*3. Let h(z) = z**2 - 11*z + 3. Calculate h(j).
3
Let a = 913 - 924. Let q(v) = v - 24. What is q(a)?
-35
Suppose 0 = 2*c - 10, -4*s = -c - 4*c + 41. Let a(n) = 2*n**2 + 28*n + 90. Let f be a(s). Let q(i) = i**3 - 11*i**2 + 12*i - 15. Give q(f).
5
Let s(i) be the first derivative of i**2/2 + 10*i + 2. Let a be (-7 - -9 - -4)/((-10)/(360/27)). Give s(a).
2
Let q(z) = -z**2 - 19*z + 8. Let k(s) = s - 1. Let v(l) = -6*k(l) - q(l). Let g = 256149 + -256161. Give v(g).
-14
Let h(s) = -s**3 + s**2 - 16. Let l = 2 + 2. Suppose -3*y + 6 = -4*a, 4*a + 0*y + 10 = 5*y. Suppose -16*r + l*r = a. Calculate h(r).
-16
Let c be -6 + (-1 - (-7 + -7)). Let s(y) = c*y - 8*y - 6 + 4 + 0 - y**2 + 0. Give s(0).
-2
Let o(a) = 3*a**2 - 159*a - 139. Let f be o(54). Suppose 17 + 55 = -4*y. Let w = f + y. Let u(x) = -x**3 + 4*x**2 + 5*x + 2. Calculate u(w).
2
Let l(j) = 25*j**3 - 19*j**2 - 22*j + 9. Let o(p) = -11*p**3 + 8*p**2 + 10*p - 4. Let t(k) = -3*l(k) - 7*o(k). Determine t(3).
52
Let i(u) be the first derivative of u**6/120 + u**5/20 - u**4/3 - u**3/2 + u**2 + 52*u - 155. Let a(t) be the second derivative of i(t). What is a(-5)?
-13
Let t(f) = f**2 + 3*f - 28. Let p = 4121 + -4128. What is t(p)?
0
Let z(f) = -31*f + 58. Let l(n) = n - 1. Let x(w) = 24*w - 41. Let y(j) = 2*l(j) - x(j). Let k(r) = 7*y(r) - 5*z(r). Calculate k(7).
-10
Let h(f) = -20*f + 303. Let g be h(15). Let r(k) = -28 + k**g + 3*k**2 + 2*k - 14 - 26 + 66. What is r(-4)?
-26
Let o be (5 - -1)*(-1 - -2). Let v(u) = 54*u - 809. Let n be v(15). Let r(z) = -o*z + n + 5*z + 3*z + 0. Calculate r(2).
5
Let g(u) = u**2 + 21*u + 59. Suppose 73*f + 54 = 70*f. Determine g(f).
5
Let n(s) = 8*s - 123. Let w(d) = d - 13. Let q(f) = -n(f) + 7*w(f). What is q(36)?
-4
Let v be -1 + 4 + (0 - -1). Let m(p) be the second derivative of p**5/20 - p**4/3 + 2*p**3/3 + 3*p**2/2 - 7028*p. Calculate m(v).
19
Let b be (1 + -1 - 0) + -1. Let d be 4/3 - (-1 + (-80)/(-15)). Let v(u) = -34*u - 5. Let n(y) = -13*y - 2. Let l(s) = d*v(s) + 8*n(s). Calculate l(b).
1
Let i(l) be the second derivative of -13*l**3/2 + 3*l**2 - 427*l + 1. Calculate i(2).
-72
Let c(r) = 136*r - 1771. Let m be c(13). Let j(n) = -3*n**2 - 8*n - 4. Give j(m).
-7
Let w be (5 - (4 + -3))*(-8)/(-16). Let m(d) be the second derivative of -3*d + 1/2*d**2 + 1/3*d**3 + 0. Give m(w).
5
Let b(z) = -13*z - 1 - 14*z - 10*z. Let w = -21852 + 21853. What is b(w)?
-38
Let i(m) be the second derivative of 7*m**5/20 + 7*m**4/12 - 7*m**3/6 + 2*m**2 - m - 3138. What is i(2)?
74
Suppose -151 = -51*h + 53. Let t(o) = -36*o + 36. Let p(v) = -7*v + 7. Let c(w) = -21*p(w) + 4*t(w). Give c(h).
9
Let m(g) = -69*g - 2. Let f(t) = -58*t - 3. Let c(k) = -6*f(k) + 5*m(k). What is c(-4)?
-4
Let o(a) = -3*a**3 + 6*a**2 + a + 3. Let i(k) = -2*k**3 + 5*k**2 + k + 2. Let v(r) = -5*i(r) + 4*o(r). Let s = -3541 - -3542. Give v(s).
-2
Let p be 192/42 + 3/(-21)*18 + 2. Let c(l) = -13*l + 46. Calculate c(p).
-6
Let f(l) = l**3 - 4*l**2 - 6*l - 3. Let t be (-6)/(-9)*3051/(-18). Let s = t + 118. What is f(s)?
-8
Let g(o) = 28*o + 332. Let m be g(-12). Let x(y) = 27*y + 108. Let h be x(m). Let z(v) = -v**3 + v**2 - v - 2. Determine z(h).
-2
Let v be -1*1 - (-6)/2. Let r = v - 0. Let x(z) = 24*z + 379. Let c(i) = 36*i + 607. Let l(u) = 5*c(u) - 8*x(u). Calculate l(r).
-21
Let m(g) = -123*g + 3580. Let z be m(29). Let v(o) = -o**2 + 16*o + 2. Give v(z).
41
Let j(m) be the first derivative of -m**3/3 + m**2 - m - 1. Suppose -38*w + 68*w = 120. Suppose -3*r = 10*q - 13*q + 15, -5*r + 20 = w*q. Determine j(q).
-16
Suppose -j + 5 = -2*u, 4*j - 32 = -5*u - 51. Let d(l) = -15*l**2 - 4*l. Give d(j).
-11
Let k = 42256 + -42254. Let d(o) be the second derivative of 7/2*o**2 - 29 + 1/6*o**3 - k*o. What is d(-6)?
1
Let t(c) = 240*c**3 - 480*c**3 - 8*c**2 - c + 0*c + 241*c**3 - 10. Give t(6).
-88
Let g be -12 - (1*2)/(-2). Let n(t) = 5*t**2 + 121*t - 155. Let a(h) = -2*h**2 - 50*h + 69. Let c(x) = -7*a(x) - 3*n(x). Give c(g).
4
Let t(v) be the second derivative of -1/2*v**3 - 2*v - 2*v**2 + 7. Determine t(3).
-13
Let w(t) = 2*t**2 + 9*t - 7. Let z(l) = l**2 + 5*l - 4. Let x(v) = 3*w(v) - 7*z(v). Let r = -369018 - -369008. Give x(r).
-13
Let x(s) = 4*s**2 - 4*s. Let g = 3897 - 3902. Determine x(g).
120
Let f(m) = 4*m**2 + 3*m - 4. Let k be f(1). Let d(c) be the first derivative of -2*c - c**2 + 1/3*c**3 - 9. Calculate d(k).
1
Let h(p) = -p**3 + 9*p**2 + 11*p - 27. Let g(s) = s**3 - 6*s**2 + 19*s - 20. Let x be g(3). Calculate h(x).
-17
Let j(d) = 2*d**3 + 7*d**2 - 2*d + 13. Let c be j(-4). Let s be (c - (-155)/(-25))/(6/20). Let b(w) = -w - 9. Determine b(s).
-5
Let s be (8 - -2)/((-259)/(-42) + -6). Let n = s + -61. Let g(p) = p**2. Give g(n).
1
Let o(g) = g**3 - 2*g**2 - 2*g + 3. Let p = 64 - 12. Let c = p + -50. Suppose c*k + 8 = -2*k, 2*k = -j - 2. What is o(j)?
-1
Let p(b) = b**3 - 5*b**2 - 8*b + 13. Let d be p(6). Let g(y) be the third derivative of 1/12*y**4 + 0 + 1/30*y**5 - 1/6*y**3 + 0*y + 6*y**2. Determine g(d).
3
Let o(s) = -398*s + 41. Let v(t) = -156*t + 21. Let q(c) = 2*o(c) - 5*v(c). Determine q(-13).
185
Suppose -205*n + 1472 = -113*n. Let 